2055 is divided by 334.
11
Calculate the remainder when 189009 is divided by 58.
45
What is the remainder when 47093 is divided by 17?
3
Calculate the remainder when 145704 is divided by 3736.
0
What is the remainder when 14487 is divided by 519?
474
What is the remainder when 3159 is divided by 176?
167
What is the remainder when 11086 is divided by 846?
88
What is the remainder when 302581 is divided by 75643?
9
Calculate the remainder when 66492 is divided by 16615.
32
Calculate the remainder when 6975621 is divided by 8.
5
Calculate the remainder when 129691 is divided by 791.
758
Calculate the remainder when 59385 is divided by 5396.
29
What is the remainder when 3518317 is divided by 520?
517
What is the remainder when 10086 is divided by 9?
6
Calculate the remainder when 1101 is divided by 259.
65
Calculate the remainder when 33875 is divided by 4228.
51
What is the remainder when 11753 is divided by 2964?
2861
What is the remainder when 322865 is divided by 843?
839
What is the remainder when 158751 is divided by 352?
351
What is the remainder when 9061468 is divided by 486?
484
What is the remainder when 4701 is divided by 39?
21
Calculate the remainder when 11708 is divided by 96.
92
Calculate the remainder when 27199 is divided by 95.
29
What is the remainder when 1481 is divided by 365?
21
What is the remainder when 29775 is divided by 44?
31
Calculate the remainder when 2386 is divided by 227.
116
What is the remainder when 31663 is divided by 15816?
31
What is the remainder when 145498 is divided by 12?
10
What is the remainder when 11184 is divided by 149?
9
Calculate the remainder when 111240 is divided by 11.
8
What is the remainder when 226481 is divided by 11919?
20
What is the remainder when 2016 is divided by 137?
98
What is the remainder when 24227 is divided by 7524?
1655
What is the remainder when 8316 is divided by 130?
126
Calculate the remainder when 43618 is divided by 190.
108
Calculate the remainder when 6452 is divided by 2142.
26
What is the remainder when 12370 is divided by 3534?
1768
What is the remainder when 39888 is divided by 1534?
4
What is the remainder when 3773 is divided by 595?
203
What is the remainder when 93154 is divided by 23281?
30
Calculate the remainder when 1656115 is divided by 444.
439
Calculate the remainder when 51788 is divided by 12937.
40
What is the remainder when 8810 is divided by 679?
662
Calculate the remainder when 595359 is divided by 198450.
9
What is the remainder when 1898 is divided by 709?
480
What is the remainder when 12358 is divided by 1720?
318
What is the remainder when 11038 is divided by 7?
6
Calculate the remainder when 2397 is divided by 397.
15
What is the remainder when 285420 is divided by 170?
160
What is the remainder when 48883 is divided by 1251?
94
Calculate the remainder when 49244 is divided by 849.
2
What is the remainder when 649810 is divided by 20?
10
Calculate the remainder when 365187 is divided by 239.
234
Calculate the remainder when 1217 is divided by 45.
2
Calculate the remainder when 5864 is divided by 265.
34
Calculate the remainder when 158 is divided by 4.
2
What is the remainder when 19653 is divided by 52?
49
What is the remainder when 2298 is divided by 230?
228
Calculate the remainder when 18284 is divided by 1521.
32
What is the remainder when 4603 is divided by 84?
67
Calculate the remainder when 1396 is divided by 311.
152
What is the remainder when 2229 is divided by 161?
136
What is the remainder when 16998 is divided by 5660?
18
What is the remainder when 819239 is divided by 120?
119
What is the remainder when 3802 is divided by 488?
386
Calculate the remainder when 541829 is divided by 1522.
1519
Calculate the remainder when 301322 is divided by 33.
32
Calculate the remainder when 17646359 is divided by 24.
23
What is the remainder when 46357 is divided by 15413?
118
What is the remainder when 2635 is divided by 113?
36
Calculate the remainder when 8083 is divided by 9.
1
Calculate the remainder when 6722 is divided by 746.
8
What is the remainder when 3090 is divided by 1095?
900
What is the remainder when 89770 is divided by 248?
242
Calculate the remainder when 13661 is divided by 369.
8
Calculate the remainder when 306079 is divided by 71.
69
What is the remainder when 8804 is divided by 23?
18
What is the remainder when 267032 is divided by 10270?
12
What is the remainder when 18128 is divided by 195?
188
What is the remainder when 677 is divided by 155?
57
What is the remainder when 2812 is divided by 935?
7
Calculate the remainder when 8836 is divided by 1374.
592
What is the remainder when 13445 is divided by 236?
229
What is the remainder when 39703 is divided by 192?
151
Calculate the remainder when 1092 is divided by 206.
62
Calculate the remainder when 24164 is divided by 281.
279
Calculate the remainder when 101042 is divided by 38.
0
Calculate the remainder when 39354 is divided by 19670.
14
Calculate the remainder when 76578 is divided by 59.
55
What is the remainder when 2473069 is divided by 7?
4
What is the remainder when 8610 is divided by 109?
108
Calculate the remainder when 40692 is divided by 132.
36
Calculate the remainder when 404 is divided by 207.
197
Calculate the remainder when 5891 is divided by 5654.
237
Calculate the remainder when 348 is divided by 29.
0
What is the remainder when 5885 is divided by 29?
27
What is the remainder when 141663 is divided by 454?
15
What is the remainder when 803621 is divided by 200903?
9
Calculate the remainder when 8316 is divided by 122.
20
Calculate the remainder when 22606 is divided by 628.
626
Calculate the remainder when 157115 is divided by 7481.
14
Calculate the remainder when 67203 is divided by 33495.
213
Calculate the remainder when 10904 is divided by 100.
4
Calculate the remainder when 253747 is divided by 316.
315
What is the remainder when 6211 is divided by 222?
217
Calculate the remainder when 69 is divided by 11.
3
Calculate the remainder when 15875 is divided by 25.
0
Calculate the remainder when 1960 is divided by 68.
56
Calculate the remainder when 130190 is divided by 197.
170
What is the remainder when 78844 is divided by 166?
160
What is the remainder when 14543 is divided by 259?
39
What is the remainder when 241141 is divided by 3349?
13
Calculate the remainder when 17846 is divided by 57.
5
Calculate the remainder when 37509 is divided by 782.
755
What is the remainder when 607 is divided by 7?
5
Calculate the remainder when 3737 is divided by 730.
87
What is the remainder when 17880 is divided by 52?
44
What is the remainder when 4554 is divided by 578?
508
What is the remainder when 1822562 is divided by 9?
8
What is the remainder when 10403 is divided by 806?
731
What is the remainder when 322790 is divided by 8?
6
What is the remainder when 28158 is divided by 17?
6
What is the remainder when 19262 is divided by 4815?
2
Calculate the remainder when 113554 is divided by 182.
168
What is the remainder when 165030 is divided by 82511?
8
What is the remainder when 81705 is divided by 27219?
48
Calculate the remainder when 983941 is divided by 66.
13
What is the remainder when 13369 is divided by 10?
9
What is the remainder when 28284 is divided by 221?
217
Calculate the remainder when 537 is divided by 99.
42
What is the remainder when 905 is divided by 108?
41
What is the remainder when 62423 is divided by 15?
8
What is the remainder when 187 is divided by 118?
69
Calculate the remainder when 14491 is divided by 321.
46
Calculate the remainder when 194761 is divided by 146.
143
Calculate the remainder when 71299 is divided by 265.
14
Calculate the remainder when 355198 is divided by 555.
553
What is the remainder when 8452 is divided by 82?
6
Calculate the remainder when 555 is divided by 79.
2
Calculate the remainder when 876 is divided by 426.
24
What is the remainder when 3417 is divided by 3184?
233
Calculate the remainder when 102392 is divided by 46.
42
What is the remainder when 20596 is divided by 1084?
0
Calculate the remainder when 1384 is divided by 483.
418
Calculate the remainder when 18703 is divided by 180.
163
What is the remainder when 5763 is divided by 2850?
63
What is the remainder when 18922 is divided by 6221